{"id":15101,"date":"2023-10-27T21:04:55","date_gmt":"2023-10-27T19:04:55","guid":{"rendered":"http:\/\/lfv-oberholz.de\/cms\/?page_id=15101"},"modified":"2023-10-27T21:12:49","modified_gmt":"2023-10-27T19:12:49","slug":"gruendungsmitglieder","status":"publish","type":"page","link":"https:\/\/lfv-oberholz.de\/cms\/gruendungsmitglieder\/","title":{"rendered":"Gr\u00fcndungsmitglieder"},"content":{"rendered":"\n<p>Am 14. November 1998 fand im Alten Gasthof Gro\u00dfp\u00f6sna, in kleiner Runde die Gr\u00fcndungsveranstaltung des LFV Oberholz statt. Bei dieser erkl\u00e4rten 14 Personen ihren Beitritt in den Verein.<\/p>\n<p>01 Andrea Bauer<br \/>\u00a0\u00a0\u00a0 (Janine Bauer, vertreten durch Erziehungsberechtigten)<br \/>02 J\u00f6rg Bauer<br \/>\u00a0\u00a0\u00a0 (Kevin Bauer, verteten durch Erziehungsberechtigten)<br \/>03 Reinhard Br\u00fcderlein<br \/>04 Jana Drogge (ehem. Eitner)<br \/>05 Ramona Ettinger<br \/>06 Uta Frauendorf (2021 verstorben)<br \/>07 Andreas Hempel<br \/>08 Jens Herrmann<br \/>09 Thomas Hoffmann<br \/>10 Jan Kwetkus<br \/>11 Matthias R\u00f6thing<br \/>12 Werner Walther<br \/>13 Ivonne Wipfli-B\u00f6ttcher (ehem. Goczall)<br \/>+ 1 Gast: Ines Hoffmann (ehem. Schramm)<\/p>\n","protected":false},"excerpt":{"rendered":"<p>Am 14. November 1998 fand im Alten Gasthof Gro\u00dfp\u00f6sna, in kleiner Runde die Gr\u00fcndungsveranstaltung des LFV Oberholz statt. Bei dieser erkl\u00e4rten 14 Personen ihren Beitritt in den Verein. 01 Andrea Bauer\u00a0\u00a0\u00a0 (Janine Bauer, vertreten durch Erziehungsberechtigten)02 J\u00f6rg Bauer\u00a0\u00a0\u00a0 (Kevin Bauer, &hellip; <a href=\"https:\/\/lfv-oberholz.de\/cms\/gruendungsmitglieder\/\">Weiterlesen <span class=\"meta-nav\">&rarr;<\/span><\/a><\/p>\n","protected":false},"author":6,"featured_media":0,"parent":0,"menu_order":0,"comment_status":"closed","ping_status":"closed","template":"","meta":{"pgc_sgb_lightbox_settings":"","footnotes":""},"class_list":["post-15101","page","type-page","status-publish","hentry"],"_links":{"self":[{"href":"https:\/\/lfv-oberholz.de\/cms\/wp-json\/wp\/v2\/pages\/15101","targetHints":{"allow":["GET"]}}],"collection":[{"href":"https:\/\/lfv-oberholz.de\/cms\/wp-json\/wp\/v2\/pages"}],"about":[{"href":"https:\/\/lfv-oberholz.de\/cms\/wp-json\/wp\/v2\/types\/page"}],"author":[{"embeddable":true,"href":"https:\/\/lfv-oberholz.de\/cms\/wp-json\/wp\/v2\/users\/6"}],"replies":[{"embeddable":true,"href":"https:\/\/lfv-oberholz.de\/cms\/wp-json\/wp\/v2\/comments?post=15101"}],"version-history":[{"count":0,"href":"https:\/\/lfv-oberholz.de\/cms\/wp-json\/wp\/v2\/pages\/15101\/revisions"}],"wp:attachment":[{"href":"https:\/\/lfv-oberholz.de\/cms\/wp-json\/wp\/v2\/media?parent=15101"}],"curies":[{"name":"wp","href":"https:\/\/api.w.org\/{rel}","templated":true}]}}

Gründungsmitglieder

<p>Am 14. November 1998 fand im Alten Gasthof Großpösna, in kleiner Runde die Gründungsveranstaltung des LFV Oberholz statt. Bei dieser erklärten 14 Personen ihren Beitritt in den Verein.</p>
<p>01 Andrea Bauer<br />    (Janine Bauer, vertreten durch Erziehungsberechtigten)<br />02 Jörg Bauer<br />    (Kevin Bauer, verteten durch Erziehungsberechtigten)<br />03 Reinhard Brüderlein<br />04 Jana Drogge (ehem. Eitner)<br />05 Ramona Ettinger<br />06 Uta Frauendorf (2021 verstorben)<br />07 Andreas Hempel<br />08 Jens Herrmann<br />09 Thomas Hoffmann<br />10 Jan Kwetkus<br />11 Matthias Röthing<br />12 Werner Walther<br />13 Ivonne Wipfli-Böttcher (ehem. Goczall)<br />+ 1 Gast: Ines Hoffmann (ehem. Schramm)</p>

<p>Am 14. November 1998 fand im Alten Gasthof Großpösna, in kleiner Runde die Gründungsveranstaltung des LFV Oberholz statt. Bei dieser erklärten 14 Personen ihren Beitritt in den Verein. 01 Andrea Bauer    (Janine Bauer, vertreten durch Erziehungsberechtigten)02 Jörg Bauer    (Kevin Bauer, &hellip; <a href="https://lfv-oberholz.de/cms/gruendungsmitglieder/">Weiterlesen <span class="meta-nav">&rarr;</span></a></p>
