{"id":262,"date":"2014-09-29T20:15:33","date_gmt":"2014-09-29T18:15:33","guid":{"rendered":"http:\/\/lfv-oberholz.de\/cms\/?page_id=262"},"modified":"2022-12-09T18:59:50","modified_gmt":"2022-12-09T17:59:50","slug":"bauer-joerg","status":"publish","type":"page","link":"https:\/\/lfv-oberholz.de\/cms\/athleten\/bauer-joerg\/","title":{"rendered":"Bauer, J\u00f6rg"},"content":{"rendered":"<h2>J\u00f6rg Bauer<\/h2>\n<h3>(Gr\u00fcndungsmitglied, Nov. 1998)<\/h3>\n<p>(Dieses Seite wurde mit Einwilligung der betreffenden Person erstellt und ver\u00f6ffentlicht.)<\/p>\n<p><a href=\"https:\/\/lfv-oberholz.de\/cms\/wp-content\/uploads\/Joerg-Bauer.jpg\"><img loading=\"lazy\" decoding=\"async\" class=\"alignright wp-image-973\" src=\"https:\/\/lfv-oberholz.de\/cms\/wp-content\/uploads\/Joerg-Bauer-267x300.jpg\" alt=\"Joerg Bauer\" width=\"159\" height=\"179\" srcset=\"https:\/\/lfv-oberholz.de\/cms\/wp-content\/uploads\/Joerg-Bauer-267x300.jpg 267w, https:\/\/lfv-oberholz.de\/cms\/wp-content\/uploads\/Joerg-Bauer.jpg 403w\" sizes=\"auto, (max-width: 159px) 100vw, 159px\" \/><\/a><\/p>\n<ul>\n<li>Funktionen im Verein: Vorsitzender, Abteilungsleitung Lauf + Triathlon, Trainer, Organisator<\/li>\n<li>Jahrgang: 1971<\/li>\n<li>Wohnort: Gro\u00dfp\u00f6sna<\/li>\n<li>Beruf \/ T\u00e4tigkeit: Kfz-Schlosser \/ Kfz-Mechaniker, Karosserie-Schlosser, technischer Fahrer<\/li>\n<li>Sportlich aktiv seit: 4. Lebensjahr, seit 1978 organisiert<\/li>\n<li>Sportarten: Lauf, Inlinerlauf, Skilanglauf, Skirollerlauf, Triathlon, Wandern (aktuell aus gesundheitlichen Gr\u00fcnden nicht wettkampfaktiv)<\/li>\n<li>pers\u00f6nliche Erfolge \/ H\u00f6hepunkte:<br \/>\n<a href=\"https:\/\/lfv-oberholz.de\/cms\/wp-content\/uploads\/J\u00f6rg-Bauer-Lauf-01.jpg\"><img loading=\"lazy\" decoding=\"async\" class=\"alignright wp-image-976\" src=\"https:\/\/lfv-oberholz.de\/cms\/wp-content\/uploads\/J\u00f6rg-Bauer-Lauf-01.jpg\" alt=\"J\u00f6rg Bauer Lauf 01\" width=\"162\" height=\"327\" \/><\/a><\/p>\n<ul>\n<li>Laufen:\n<ul>\n<li>Leipzig-Marathon, Bestzeit 3:38 h (2006),<\/li>\n<li>2. Platz AK 2-Tage-Marathon, 3:16:02 h (2008),<\/li>\n<li>Halbmarathon-Bestzeit 1:31:42 h (2008)<\/li>\n<li>mehrfache Teilnahme an Bergl\u00e4ufen wie Rennsteiglauf\u00a0 Marathon, Kyffh\u00e4user Berglauf, Harzgebirgslauf, Kernberglauf<\/li>\n<li>Mehrfachteilnahme an Treppenl\u00e4ufen<\/li>\n<\/ul>\n<\/li>\n<li>Inlinskating:\n<ul>\n<li>Halbmarathon-Bestzeit 0:51:53 h (2005)<\/li>\n<\/ul>\n<\/li>\n<li>Skilanglauf:\n<ul>\n<li>Sieger Brandenburgische Landesmeisterschaft RollskiSkirollerlauf klassisch, 2. Platz Freistil (2003),<\/li>\n<li>4. Platz Sachsenmeisterschaft (2006),<\/li>\n<li>2. Platz Regionalmeisterschaft Leipzig (2008),<\/li>\n<li>Teilnahme an Volksskil\u00e4ufen bis 50 km<\/li>\n<li>50 km-Bestzeit (klassisch) 3:37:01,6 h<\/li>\n<\/ul>\n<\/li>\n<li><a href=\"https:\/\/lfv-oberholz.de\/cms\/wp-content\/uploads\/IMG-20220806-WA0010.jpg\"><img loading=\"lazy\" decoding=\"async\" class=\"wp-image-11170 alignright\" src=\"https:\/\/lfv-oberholz.de\/cms\/wp-content\/uploads\/IMG-20220806-WA0010-225x300.jpg\" alt=\"IMG-20220806-WA0010\" width=\"80\" height=\"106\" srcset=\"https:\/\/lfv-oberholz.de\/cms\/wp-content\/uploads\/IMG-20220806-WA0010-225x300.jpg 225w, https:\/\/lfv-oberholz.de\/cms\/wp-content\/uploads\/IMG-20220806-WA0010-768x1024.jpg 768w, https:\/\/lfv-oberholz.de\/cms\/wp-content\/uploads\/IMG-20220806-WA0010.jpg 1536w\" sizes=\"auto, (max-width: 80px) 100vw, 80px\" \/><\/a>Triathlon:\n<ul>\n<li>erfolgreiche Teilnahme bis Mitteldistanz<\/li>\n<li>Olympischer Triathlon, Bestzeit 2:44:18 h (2006)<\/li>\n<\/ul>\n<\/li>\n<li>Diverses:\n<ul>\n<li>Teilnahme an bis zu 108 km-Wanderungen,<\/li>\n<li>Teilnahme an Treppenl\u00e4ufen<\/li>\n<li>Schwimmen bis 3,8 km, Bestzeit 3,8 km 1:40:46 h (M\u00fcritzMan 2022)<\/li>\n<\/ul>\n<\/li>\n<\/ul>\n<\/li>\n<\/ul>\n<p><a href=\"https:\/\/lfv-oberholz.de\/cms\/wp-content\/uploads\/J\u00f6rg-Bauer.jpg\"><img loading=\"lazy\" decoding=\"async\" class=\"alignnone wp-image-979\" src=\"https:\/\/lfv-oberholz.de\/cms\/wp-content\/uploads\/J\u00f6rg-Bauer.jpg\" alt=\"J\u00f6rg Bauer\" width=\"145\" height=\"175\" \/><\/a> <a href=\"https:\/\/lfv-oberholz.de\/cms\/wp-content\/uploads\/J\u00f6rg-Bauer-Inliner-01.jpg\"><img loading=\"lazy\" decoding=\"async\" class=\"alignnone wp-image-974\" src=\"https:\/\/lfv-oberholz.de\/cms\/wp-content\/uploads\/J\u00f6rg-Bauer-Inliner-01-253x300.jpg\" alt=\"J\u00f6rg Bauer Inliner 01\" width=\"216\" height=\"256\" srcset=\"https:\/\/lfv-oberholz.de\/cms\/wp-content\/uploads\/J\u00f6rg-Bauer-Inliner-01-253x300.jpg 253w, https:\/\/lfv-oberholz.de\/cms\/wp-content\/uploads\/J\u00f6rg-Bauer-Inliner-01.jpg 301w\" sizes=\"auto, (max-width: 216px) 100vw, 216px\" \/><\/a> <a href=\"https:\/\/lfv-oberholz.de\/cms\/wp-content\/uploads\/IMG-20201004-WA00061.jpg\"><img loading=\"lazy\" decoding=\"async\" class=\"alignnone wp-image-8554 \" src=\"https:\/\/lfv-oberholz.de\/cms\/wp-content\/uploads\/IMG-20201004-WA00061-300x200.jpg\" alt=\"IMG-20201004-WA0006\" width=\"264\" height=\"175\" srcset=\"https:\/\/lfv-oberholz.de\/cms\/wp-content\/uploads\/IMG-20201004-WA00061-300x200.jpg 300w, https:\/\/lfv-oberholz.de\/cms\/wp-content\/uploads\/IMG-20201004-WA00061.jpg 960w\" sizes=\"auto, (max-width: 264px) 100vw, 264px\" \/><\/a> <a href=\"https:\/\/lfv-oberholz.de\/cms\/wp-content\/uploads\/DSC03411.jpg\"><img loading=\"lazy\" decoding=\"async\" class=\"alignnone wp-image-965\" src=\"https:\/\/lfv-oberholz.de\/cms\/wp-content\/uploads\/DSC03411-300x225.jpg\" alt=\"DSC03411\" width=\"226\" height=\"170\" srcset=\"https:\/\/lfv-oberholz.de\/cms\/wp-content\/uploads\/DSC03411-300x225.jpg 300w, https:\/\/lfv-oberholz.de\/cms\/wp-content\/uploads\/DSC03411-1024x768.jpg 1024w\" sizes=\"auto, (max-width: 226px) 100vw, 226px\" \/><\/a> <a href=\"https:\/\/lfv-oberholz.de\/cms\/wp-content\/uploads\/J\u00f6rg-Bauer-Ski.jpg\"><img loading=\"lazy\" decoding=\"async\" class=\"alignnone wp-image-977\" src=\"https:\/\/lfv-oberholz.de\/cms\/wp-content\/uploads\/J\u00f6rg-Bauer-Ski.jpg\" alt=\"J\u00f6rg Bauer Ski\" width=\"141\" height=\"170\" \/><\/a> <a href=\"https:\/\/lfv-oberholz.de\/cms\/wp-content\/uploads\/FB_IMG_14709383587961.jpg\"><img loading=\"lazy\" decoding=\"async\" class=\"alignnone wp-image-4202\" src=\"https:\/\/lfv-oberholz.de\/cms\/wp-content\/uploads\/FB_IMG_14709383587961-300x200.jpg\" alt=\"FB_IMG_1470938358796\" width=\"256\" height=\"170\" srcset=\"https:\/\/lfv-oberholz.de\/cms\/wp-content\/uploads\/FB_IMG_14709383587961-300x200.jpg 300w, https:\/\/lfv-oberholz.de\/cms\/wp-content\/uploads\/FB_IMG_14709383587961-1024x682.jpg 1024w, https:\/\/lfv-oberholz.de\/cms\/wp-content\/uploads\/FB_IMG_14709383587961.jpg 1080w\" sizes=\"auto, (max-width: 256px) 100vw, 256px\" \/><\/a><\/p>\n<p>&nbsp;<\/p>\n<h3><\/h3>\n<h3>Kontakt:<\/h3>\n<p style=\"text-align: left;\">Hauptstra\u00dfe 39<br \/>\n04463 Gro\u00dfp\u00f6sna<br \/>\nMobil: 0177-2132157\u00a0 (mit WathsApp und Signal)<br \/>\nMail: joerg(at)lfv(minus)oberholz(punkt)de<\/p>\n","protected":false},"excerpt":{"rendered":"<p>J\u00f6rg Bauer (Gr\u00fcndungsmitglied, Nov. 1998) (Dieses Seite wurde mit Einwilligung der betreffenden Person erstellt und ver\u00f6ffentlicht.) Funktionen im Verein: Vorsitzender, Abteilungsleitung Lauf + Triathlon, Trainer, Organisator Jahrgang: 1971 Wohnort: Gro\u00dfp\u00f6sna Beruf \/ T\u00e4tigkeit: Kfz-Schlosser \/ Kfz-Mechaniker, Karosserie-Schlosser, technischer Fahrer Sportlich &hellip; <a href=\"https:\/\/lfv-oberholz.de\/cms\/athleten\/bauer-joerg\/\">Weiterlesen <span class=\"meta-nav\">&rarr;<\/span><\/a><\/p>\n","protected":false},"author":1,"featured_media":0,"parent":257,"menu_order":0,"comment_status":"closed","ping_status":"closed","template":"","meta":{"pgc_sgb_lightbox_settings":"","footnotes":""},"class_list":["post-262","page","type-page","status-publish","hentry"],"_links":{"self":[{"href":"https:\/\/lfv-oberholz.de\/cms\/wp-json\/wp\/v2\/pages\/262","targetHints":{"allow":["GET"]}}],"collection":[{"href":"https:\/\/lfv-oberholz.de\/cms\/wp-json\/wp\/v2\/pages"}],"about":[{"href":"https:\/\/lfv-oberholz.de\/cms\/wp-json\/wp\/v2\/types\/page"}],"author":[{"embeddable":true,"href":"https:\/\/lfv-oberholz.de\/cms\/wp-json\/wp\/v2\/users\/1"}],"replies":[{"embeddable":true,"href":"https:\/\/lfv-oberholz.de\/cms\/wp-json\/wp\/v2\/comments?post=262"}],"version-history":[{"count":0,"href":"https:\/\/lfv-oberholz.de\/cms\/wp-json\/wp\/v2\/pages\/262\/revisions"}],"up":[{"embeddable":true,"href":"https:\/\/lfv-oberholz.de\/cms\/wp-json\/wp\/v2\/pages\/257"}],"wp:attachment":[{"href":"https:\/\/lfv-oberholz.de\/cms\/wp-json\/wp\/v2\/media?parent=262"}],"curies":[{"name":"wp","href":"https:\/\/api.w.org\/{rel}","templated":true}]}}