{"id":2824,"date":"2017-05-15T13:05:38","date_gmt":"2017-05-15T11:05:38","guid":{"rendered":"http:\/\/lfv-oberholz.de\/cms\/?page_id=2824"},"modified":"2025-02-22T11:10:43","modified_gmt":"2025-02-22T10:10:43","slug":"wandern-walking","status":"publish","type":"page","link":"https:\/\/lfv-oberholz.de\/cms\/verein\/wandern-walking\/","title":{"rendered":"Wandern \/ Walking"},"content":{"rendered":"<h2>Wandern \/ Walking und Nordic Walking<\/h2>\n<p>&#8230; versteht sich weniger als Abteilung, eher als alternative Sportgruppe zu den sonstigen Sportangeboten unseres Vereines und ist eine reine Freizeitsache.<\/p>\n<p>Hierbei treffen sich Sportfreunde aus verschiedensten Sportgruppen um der gesundheitsf\u00f6rdernden Ausdauerbewegung nachzugehen.<\/p>\n<p><img loading=\"lazy\" decoding=\"async\" class=\"alignnone size-medium wp-image-2733\" src=\"https:\/\/lfv-oberholz.de\/cms\/wp-content\/uploads\/IMG-20170326-WA0044-225x300.jpg\" alt=\"IMG-20170326-WA0044\" width=\"225\" height=\"300\" srcset=\"https:\/\/lfv-oberholz.de\/cms\/wp-content\/uploads\/IMG-20170326-WA0044-225x300.jpg 225w, https:\/\/lfv-oberholz.de\/cms\/wp-content\/uploads\/IMG-20170326-WA0044-768x1024.jpg 768w, https:\/\/lfv-oberholz.de\/cms\/wp-content\/uploads\/IMG-20170326-WA0044.jpg 1200w\" sizes=\"auto, (max-width: 225px) 100vw, 225px\" \/>\u00a0<a href=\"https:\/\/lfv-oberholz.de\/cms\/wp-content\/uploads\/IMG-20170515-WA0008.jpg\"><img loading=\"lazy\" decoding=\"async\" class=\"alignnone size-medium wp-image-2821\" src=\"https:\/\/lfv-oberholz.de\/cms\/wp-content\/uploads\/IMG-20170515-WA0008-300x224.jpg\" alt=\"IMG-20170515-WA0008\" width=\"300\" height=\"224\" srcset=\"https:\/\/lfv-oberholz.de\/cms\/wp-content\/uploads\/IMG-20170515-WA0008-300x224.jpg 300w, https:\/\/lfv-oberholz.de\/cms\/wp-content\/uploads\/IMG-20170515-WA0008-1024x768.jpg 1024w, https:\/\/lfv-oberholz.de\/cms\/wp-content\/uploads\/IMG-20170515-WA0008.jpg 1040w\" sizes=\"auto, (max-width: 300px) 100vw, 300px\" \/><\/a><\/p>\n<p>Neu &#8211; seit dem 4. Mai treffen sich die &#8222;Dienstagwalker&#8220; dienstags 18.00 Uhr zwischen Bahnhof Oberholz und Eisenbahnbr\u00fccke (Gro\u00dfp\u00f6sna OT Oberholz, Parkplatz Rudolf-Breitscheid-Stra\u00dfe). Alternativ kann auch beim sonnt\u00e4glichen <a href=\"https:\/\/lfv-oberholz.de\/cms\/lauftreff-oberholz\/\">Lauftreff Oberholz<\/a> gewalkt werden. Beginn hier w\u00e4re dann 10.00 Uhr.<\/p>\n","protected":false},"excerpt":{"rendered":"<p>Wandern \/ Walking und Nordic Walking &#8230; versteht sich weniger als Abteilung, eher als alternative Sportgruppe zu den sonstigen Sportangeboten unseres Vereines und ist eine reine Freizeitsache. Hierbei treffen sich Sportfreunde aus verschiedensten Sportgruppen um der gesundheitsf\u00f6rdernden Ausdauerbewegung nachzugehen. \u00a0 &hellip; <a href=\"https:\/\/lfv-oberholz.de\/cms\/verein\/wandern-walking\/\">Weiterlesen <span class=\"meta-nav\">&rarr;<\/span><\/a><\/p>\n","protected":false},"author":6,"featured_media":0,"parent":211,"menu_order":0,"comment_status":"closed","ping_status":"closed","template":"","meta":{"pgc_sgb_lightbox_settings":"","footnotes":""},"class_list":["post-2824","page","type-page","status-publish","hentry"],"_links":{"self":[{"href":"https:\/\/lfv-oberholz.de\/cms\/wp-json\/wp\/v2\/pages\/2824","targetHints":{"allow":["GET"]}}],"collection":[{"href":"https:\/\/lfv-oberholz.de\/cms\/wp-json\/wp\/v2\/pages"}],"about":[{"href":"https:\/\/lfv-oberholz.de\/cms\/wp-json\/wp\/v2\/types\/page"}],"author":[{"embeddable":true,"href":"https:\/\/lfv-oberholz.de\/cms\/wp-json\/wp\/v2\/users\/6"}],"replies":[{"embeddable":true,"href":"https:\/\/lfv-oberholz.de\/cms\/wp-json\/wp\/v2\/comments?post=2824"}],"version-history":[{"count":1,"href":"https:\/\/lfv-oberholz.de\/cms\/wp-json\/wp\/v2\/pages\/2824\/revisions"}],"predecessor-version":[{"id":21006,"href":"https:\/\/lfv-oberholz.de\/cms\/wp-json\/wp\/v2\/pages\/2824\/revisions\/21006"}],"up":[{"embeddable":true,"href":"https:\/\/lfv-oberholz.de\/cms\/wp-json\/wp\/v2\/pages\/211"}],"wp:attachment":[{"href":"https:\/\/lfv-oberholz.de\/cms\/wp-json\/wp\/v2\/media?parent=2824"}],"curies":[{"name":"wp","href":"https:\/\/api.w.org\/{rel}","templated":true}]}}